y 8?
6
What is the remainder when 3246 is divided by 16?
14
Calculate the remainder when 2663 is divided by 2654.
9
What is the remainder when 38 is divided by 6?
2
What is the remainder when 65098 is divided by 70?
68
Calculate the remainder when 358 is divided by 30.
28
Calculate the remainder when 316 is divided by 151.
14
Calculate the remainder when 1560 is divided by 516.
12
Calculate the remainder when 74 is divided by 39.
35
What is the remainder when 25 is divided by 18?
7
Calculate the remainder when 453 is divided by 23.
16
What is the remainder when 601 is divided by 86?
85
Calculate the remainder when 63 is divided by 5.
3
Calculate the remainder when 1426 is divided by 712.
2
Calculate the remainder when 1210 is divided by 92.
14
Calculate the remainder when 105 is divided by 14.
7
Calculate the remainder when 2614 is divided by 14.
10
What is the remainder when 199 is divided by 31?
13
What is the remainder when 3635 is divided by 14?
9
What is the remainder when 1551 is divided by 63?
39
What is the remainder when 196 is divided by 18?
16
Calculate the remainder when 5199 is divided by 17.
14
What is the remainder when 121 is divided by 44?
33
Calculate the remainder when 1113 is divided by 66.
57
What is the remainder when 88 is divided by 67?
21
What is the remainder when 361 is divided by 177?
7
Calculate the remainder when 250 is divided by 11.
8
Calculate the remainder when 73 is divided by 18.
1
What is the remainder when 232 is divided by 158?
74
Calculate the remainder when 265 is divided by 69.
58
What is the remainder when 189 is divided by 40?
29
Calculate the remainder when 5322 is divided by 15.
12
Calculate the remainder when 1343 is divided by 84.
83
What is the remainder when 336 is divided by 38?
32
Calculate the remainder when 16388 is divided by 3.
2
What is the remainder when 8759 is divided by 12?
11
What is the remainder when 5056 is divided by 2528?
0
What is the remainder when 64 is divided by 22?
20
Calculate the remainder when 172 is divided by 30.
22
Calculate the remainder when 1737 is divided by 189.
36
Calculate the remainder when 236 is divided by 30.
26
What is the remainder when 7 is divided by 4?
3
Calculate the remainder when 19543 is divided by 56.
55
What is the remainder when 164 is divided by 42?
38
Calculate the remainder when 4362 is divided by 167.
20
What is the remainder when 7543 is divided by 49?
46
What is the remainder when 927 is divided by 15?
12
What is the remainder when 185 is divided by 22?
9
Calculate the remainder when 501 is divided by 34.
25
Calculate the remainder when 4001 is divided by 7.
4
What is the remainder when 1386 is divided by 67?
46
What is the remainder when 41 is divided by 36?
5
Calculate the remainder when 83 is divided by 74.
9
Calculate the remainder when 434 is divided by 84.
14
What is the remainder when 127 is divided by 13?
10
Calculate the remainder when 6990 is divided by 8.
6
What is the remainder when 201 is divided by 41?
37
Calculate the remainder when 83 is divided by 12.
11
Calculate the remainder when 107 is divided by 16.
11
What is the remainder when 193 is divided by 29?
19
What is the remainder when 182 is divided by 17?
12
What is the remainder when 69 is divided by 34?
1
What is the remainder when 246 is divided by 66?
48
What is the remainder when 3675 is divided by 460?
455
Calculate the remainder when 932 is divided by 80.
52
What is the remainder when 575 is divided by 40?
15
What is the remainder when 261 is divided by 45?
36
What is the remainder when 3507 is divided by 11?
9
Calculate the remainder when 2983 is divided by 120.
103
What is the remainder when 1440 is divided by 208?
192
Calculate the remainder when 118 is divided by 44.
30
What is the remainder when 139 is divided by 20?
19
What is the remainder when 183 is divided by 6?
3
Calculate the remainder when 72 is divided by 59.
13
What is the remainder when 606 is divided by 19?
17
Calculate the remainder when 68 is divided by 12.
8
Calculate the remainder when 69 is divided by 14.
13
What is the remainder when 269 is divided by 10?
9
Calculate the remainder when 57 is divided by 5.
2
Calculate the remainder when 9433 is divided by 17.
15
What is the remainder when 214 is divided by 33?
16
What is the remainder when 74 is divided by 40?
34
Calculate the remainder when 6327 is divided by 150.
27
What is the remainder when 134 is divided by 40?
14
Calculate the remainder when 9702 is divided by 46.
42
Calculate the remainder when 76 is divided by 19.
0
Calculate the remainder when 30776 is divided by 22.
20
Calculate the remainder when 2969 is divided by 27.
26
What is the remainder when 262 is divided by 54?
46
Calculate the remainder when 1110 is divided by 40.
30
Calculate the remainder when 542 is divided by 59.
11
What is the remainder when 18 is divided by 10?
8
Calculate the remainder when 97 is divided by 38.
21
What is the remainder when 202 is divided by 5?
2
Calculate the remainder when 108 is divided by 62.
46
Calculate the remainder when 11056 is divided by 19.
17
Calculate the remainder when 160 is divided by 67.
26
Calculate the remainder when 184 is divided by 38.
32
What is the remainder when 1448 is divided by 52?
44
What is the remainder when 157 is divided by 40?
37
Calculate the remainder when 255 is divided by 127.
1
Calculate the remainder when 685 is divided by 227.
4
What is the remainder when 37 is divided by 33?
4
Calculate the remainder when 362 is divided by 123.
116
Calculate the remainder when 439 is divided by 8.
7
Calculate the remainder when 2738 is divided by 11.
10
Calculate the remainder when 141 is divided by 72.
69
Calculate the remainder when 292 is divided by 98.
96
Calculate the remainder when 3683 is divided by 40.
3
What is the remainder when 2057 is divided by 42?
41
What is the remainder when 242 is divided by 76?
14
What is the remainder when 54 is divided by 8?
6
Calculate the remainder when 100 is divided by 18.
10
Calculate the remainder when 305 is divided by 288.
17
What is the remainder when 154 is divided by 123?
31
What is the remainder when 125 is divided by 40?
5
Calculate the remainder when 320 is divided by 65.
60
What is the remainder when 256 is divided by 57?
28
What is the remainder when 7 is divided by 2?
1
Calculate the remainder when 8396 is divided by 13.
11
Calculate the remainder when 183 is divided by 21.
15
Calculate the remainder when 162 is divided by 54.
0
What is the remainder when 317 is divided by 83?
68
Calculate the remainder when 1608 is divided by 259.
54
What is the remainder when 2380 is divided by 22?
4
What is the remainder when 166 is divided by 19?
14
Calculate the remainder when 80 is divided by 21.
17
Calculate the remainder when 164 is divided by 17.
11
What is the remainder when 46 is divided by 27?
19
Calculate the remainder when 169 is divided by 79.
11
What is the remainder when 105 is divided by 13?
1
Calculate the remainder when 429 is divided by 24.
21
What is the remainder when 2895 is divided by 262?
13
Calculate the remainder when 809 is divided by 81.
80
What is the remainder when 1009 is divided by 5?
4
Calculate the remainder when 92 is divided by 48.
44
Calculate the remainder when 105 is divided by 6.
3
What is the remainder when 294 is divided by 59?
58
Calculate the remainder when 42 is divided by 5.
2
What is the remainder when 60 is divided by 40?
20
Calculate the remainder when 425 is divided by 93.
53
Calculate the remainder when 28079 is divided by 10.
9
What is the remainder when 181 is divided by 14?
13
What is the remainder when 433 is divided by 219?
214
What is the remainder when 892 is divided by 154?
122
Calculate the remainder when 81 is divided by 78.
3
Calculate the remainder when 357 is divided by 113.
18
Calculate the remainder when 266 is divided by 138.
128
Calculate the remainder when 2961 is divided by 114.
111
Calculate the remainder when 84 is divided by 11.
7
What is the remainder when 2326 is divided by 333?
328
Calculate the remainder when 188 is divided by 39.
32
Calculate the remainder when 230 is divided by 58.
56
What is the remainder when 230 is divided by 60?
50
What is the remainder when 817 is divided by 214?
175
Calculate the